2 = 22. Let c be y(k). What are the prime factors of c/(-4) + (-2)/4?
5
Let x = 8 - -10. Let c be (-2)/(-4) + x/(-4). List the prime factors of (-3 + -1)/(c/6).
2, 3
Let a be (39 + 0)/((-3)/(-2)). Let u = a - 10. What are the prime factors of u?
2
Let l(r) = r**2 - r + 3. Let n be l(5). Let b = n + -14. List the prime factors of b.
3
What are the prime factors of (-232)/14*(-21)/6?
2, 29
Let f = 4 - 0. Suppose 3*v = -f*n + n, -32 = -5*v + 3*n. List the prime factors of v.
2
Suppose 0 = v - 5, 13 = 4*c - 4*v - 15. Let i(w) = 3*w - 8. What are the prime factors of i(c)?
2, 7
Let j = 47 + -26. Let f be 9/7 - (-4)/(-14). What are the prime factors of 1/(3/(f*j))?
7
Let o be (-3 - -7)/((-2)/(-3)). Let j(l) = l**2 - 4*l - 6. Let k be j(o). What are the prime factors of (-65)/(-4) + k/(-24)?
2
What are the prime factors of ((-32)/(-5))/((-6)/(-30))?
2
Let p(c) = -9*c + 2. What are the prime factors of p(-6)?
2, 7
Suppose 4*j - 240 = -2*j. What are the prime factors of j?
2, 5
Suppose 0 = -r + 2*c - 4 + 3, r - 3*c - 1 = 0. Let f(u) = u + 5. Let d be f(r). Suppose -5*s + d*s + 70 = 0. List the prime factors of s.
2, 7
Let f = -3 + 5. Suppose -p - 21 = -f*p. Suppose -2*v + 1 = -p. What are the prime factors of v?
11
Let i = 16 + -1. Let o = 17 - i. List the prime factors of o.
2
Let o = 158 - 79. What are the prime factors of o?
79
Suppose 16*l - 2601 = -681. What are the prime factors of l?
2, 3, 5
Let v(q) = q + 7. Let s be v(8). Suppose -19*u = -s*u - 8. List the prime factors of u.
2
Let c(j) = 20*j - 29. List the prime factors of c(10).
3, 19
Let u = -49 - -105. What are the prime factors of u?
2, 7
Let n(y) = -7*y + 15. Let j be n(10). List the prime factors of (-2079)/j - (-1)/5.
2, 19
Suppose -2*l = 40 - 34. Let n(h) = -3*h**2 + 0*h**3 + 1 - h**3 + h + h**2. What are the prime factors of n(l)?
7
Let r(f) = -5*f - 2*f - f**2 - 3*f - 10. Let g be r(-9). What are the prime factors of -2*(-3 - -2) - g?
3
Suppose 2*q - 4*l = 254, -q + 0*l - 2*l + 119 = 0. List the prime factors of q.
3, 41
Let r(u) = -u**2 - 10*u - 3. Let n be r(-10). What are the prime factors of (13/2)/(n/(-18))?
3, 13
Let r be 1/(-2)*(2 - 2). Suppose 0 = -4*q - 2*p - 12, r*p = -p - 4. List the prime factors of 4 + q - (-8 - -2).
3
List the prime factors of (-4)/((-1)/(-26)*-2).
2, 13
Let d = 118 - -192. List the prime factors of d.
2, 5, 31
Suppose -185 = -q + 3*x, -2*q + 0*q = x - 384. What are the prime factors of q?
191
Let v(p) = p**3 + 4*p**2 - 4*p - 1. Let l be v(-4). Suppose y = 3*x + l, x + 21 - 1 = 2*y. What are the prime factors of y?
3
Let k = 157 - 108. List the prime factors of k.
7
Suppose l + 4*r = -l + 70, -3*l - 4*r = -107. What are the prime factors of l?
37
Suppose -7 = -4*g + 3*g. Let r = 11 - g. What are the prime factors of r?
2
Let d(l) = -3*l - 3. Let z be d(-2). Let y be 11 - (-1 - (-3)/z). Let w = 15 - y. List the prime factors of w.
2
Suppose -4*o + 3 = -113. Let b = -14 + o. What are the prime factors of (b/(-9))/(3/(-27))?
3, 5
Let p = -39 - -18. Let s = -11 - p. What are the prime factors of s?
2, 5
Let k = 3 + -2. Let p(c) = c**2 + 1. What are the prime factors of p(k)?
2
Let s(x) = -76*x + 27. List the prime factors of s(-5).
11, 37
Suppose 4*h - 68 = -0*h. List the prime factors of (-1)/(-6) + h/6.
3
Let u(a) = a**2 - 1. Let g be u(-2). Let s be g - (-1 + -1 - -9). List the prime factors of 540/28 - s/(-14).
19
Suppose -t + 54 = -4*t. Let j = -11 - t. Let w = -5 + j. List the prime factors of w.
2
Let w(m) = 30*m - 5. List the prime factors of w(3).
5, 17
Let a be (-10)/30 + 92/6. Suppose a*w - 96 = 13*w. What are the prime factors of w?
2, 3
Let c = 63 + -7. What are the prime factors of c?
2, 7
Let k(i) = -11*i**3 + i. Let x(m) = -m**3 + 3*m**2 - 2*m - 3. Let h be x(3). Let a be (-14)/18 - (-2)/h. List the prime factors of k(a).
2, 5
Suppose -3*x + 11 = -4. Suppose -3*b = -4*t - 0 - 47, 61 = 4*b - x*t. Suppose 4*d + b = 53. What are the prime factors of d?
11
Let h(o) = -o**2 - 2*o + 1. Let d be h(-3). Let r = 4 + d. What are the prime factors of r?
2
Let o(f) = -f**2 + f. Let d(k) = k**3 - 3*k**2 + 2*k + 5. Let p(r) = d(r) - 3*o(r). What are the prime factors of p(0)?
5
Let o(q) = 3*q - 1. Let u be o(-3). List the prime factors of ((-3)/(-2))/(u/(-20)).
3
Let h be (1 - -2 - -1) + -1. Suppose -h*k = -2*m - 25, -4*k - 35 = -8*k + m. What are the prime factors of k?
3
Let o(t) = 4*t**2 - 3 - 5*t**2 + 9 + 2*t**2 + 3*t. Let f(s) = -s**2 - 5*s - 4. Let c be f(-5). List the prime factors of o(c).
2, 5
What are the prime factors of ((-1)/2)/(261/(-260) - -1)?
2, 5, 13
Let y = 24 - 18. Suppose 5*b + 3*v = 116, 0 = -y*b + 4*b - v + 47. List the prime factors of b.
5
Let r(g) = 2*g**2 + 5*g + 3. Let z be r(-3). Let h be 19 + 0 - (-6)/(-6). List the prime factors of (z/h)/(1/6).
2
Let d = -4 + -1. Let i be (-2)/d + (-39)/(-15). Suppose -2*v + 7 = -i. List the prime factors of v.
5
Let f = 52 + -24. Suppose 2*k - 10 - f = 0. Let d = 34 - k. What are the prime factors of d?
3, 5
Let p = 1 + 5. Suppose -4*w - 6*x + 8 = -2*x, 2*w - 5*x - 4 = 0. Suppose -s = w*s - p. List the prime factors of s.
2
Let h = 8 + -3. Suppose -l + 15 = h*k, 3*l - 6*k = -2*k - 12. Let j = l + 7. What are the prime factors of j?
7
Suppose 0 = 4*l - 3*z - 452, 3*l + 0*z = 3*z + 342. What are the prime factors of l?
2, 5, 11
Let n = -21 + 30. Suppose 11 = -2*i - 5*w + 30, 0 = i + 3*w - 11. List the prime factors of n*1*(i + -1).
3
Suppose -5*x = f + 5, 2*f + 2*x + 5 = f. Let s = f - -31. Let u = s - 14. List the prime factors of u.
2, 3
Suppose -2*k + 172 = -74. What are the prime factors of k?
3, 41
Let r(b) = -5*b - 7. Let d = -13 + 9. List the prime factors of r(d).
13
Suppose -3*o - 5*q + 320 = 0, 4*o + 5*q = -0*q + 435. What are the prime factors of o?
5, 23
Suppose 55 = w - 4*n, -4*w - 4*n + 2*n + 166 = 0. What are the prime factors of w?
43
Let y(s) = -23*s**3 + 2*s + 1. Let i be 0*(-1 + 2) + -1. List the prime factors of y(i).
2, 11
Let l = -2 - -38. What are the prime factors of l?
2, 3
Let f = 75 - 27. Suppose -l - 2*l = -3*p + 36, 4*p - 3*l = f. What are the prime factors of p?
2, 3
Suppose -24 = -5*s + 6. Let t(x) = 14*x**2 + x. Let k be t(-1). Let n = k - s. List the prime factors of n.
7
Let b = 18 + -11. Let n(t) = -t**3 + 8*t**2 - 7*t + 2. Let l be n(b). What are the prime factors of 156/15 - l/5?
2, 5
Suppose -r = 3*f - 41, 0*r = 3*f - 3*r - 57. List the prime factors of f.
3, 5
Let c be (3/9 + 0)*3. Suppose 0 = 4*k + c - 21. What are the prime factors of 2/k - (-116)/10?
2, 3
Suppose 16 = -4*c - 0*c, -5*x - 2*c = 33. Let f = 24 - 67. What are the prime factors of f/x - (-18)/45?
3
List the prime factors of 2/10 - 656/(-20).
3, 11
Suppose -5*g - 1 = -3*i - 4, -4*g = i + 18. Let d = i - -8. List the prime factors of d.
2
Let r be 9*(1 + 2 + -2). Suppose -4*n + 16 = 2*c, 15 = 4*c + c + 5*n. Let v = r + c. List the prime factors of v.
7
Let m = 5 + -1. What are the prime factors of m?
2
Let p = -2 + 2. Suppose -42 = -v - i - 16, 2*v + 3*i - 52 = p. What are the prime factors of v?
2, 13
Let p(w) = w**2 - 3*w + 4. List the prime factors of p(3).
2
Let q(w) = -w**2 + 12*w. Let i be q(9). Let u = -12 + i. List the prime factors of u.
3, 5
Suppose 0 = -3*m, 4*x - m - 3*m = 1832. What are the prime factors of x?
2, 229
Suppose 4 = 4*f - 12. Suppose -4*h - 12 = f. List the prime factors of (-60)/(-25) - h/(-10).
2
Let s(k) = -k**3 + k**2 + 1. Let o(m) = 3*m**3 - 11*m**2 - m - 4. Let z(y) = -o(y) - 4*s(y). Let n be z(-7). List the prime factors of (-30)/n + (-2)/7.
2
Let x = -24 - 32. Let k = -33 - x. List the prime factors of k.
23
Let l = 2 - 0. Suppose -l*m - m = -9. Suppose -t + 7 = 2*s, -m*s + 29 = 5*t - 27. What are the prime factors of t?
13
Suppose 3*n = -v + 79 + 150, n + v = 73. What are the prime factors of n?
2, 3, 13
Suppose -5*k = -3*s + 24, 3*s - 5*k - 30 = -2*s. Let d = 0 + s. Suppose r + 26 = d*r. What are the prime factors of r?
13
Suppose -x = -s + 5 + 5, 2*s - x - 16 = 0. Let d(p) = p + 1. List the prime factors of d(s).
7
List the prime factors of (2 + 0)/((-21)/(-126)).
2, 3
Let t(u) = u - 6. Let i be t(6). Suppose i = -0*r + r - 5. Suppose r*p + 0*p - 2 = 2*o, -5*o + 49 = p. What are the prime factors of o?
3
Let t = -19 + 1. Let y = t - -34. List the p